{"id":729,"date":"2019-01-11T11:34:45","date_gmt":"2019-01-11T10:34:45","guid":{"rendered":"https:\/\/orcid-dk.dk\/?page_id=729"},"modified":"2023-02-15T10:03:16","modified_gmt":"2023-02-15T09:03:16","slug":"arkitekt-og-designskoler","status":"publish","type":"page","link":"https:\/\/orcid-dk.dk\/?page_id=729&lang=da","title":{"rendered":"Det Kongelige Danske Kunstakademis Skoler for Arkitektur, Design og Konservering | Arkitektskolen Aarhus | Designskolen Kolding"},"content":{"rendered":"<h3><strong>Kontakt<\/strong><\/h3>\n<p><strong>\u00a0<\/strong><\/p>\n<p><strong>Prim\u00e6r kontaktperson:<\/strong><\/p>\n<p>Christina Stind Rosendahl<\/p>\n<p><a href=\"mailto:csr@dskd.dk\">csr@dskd.dk<\/a><\/p>\n<p>+45 91333004<\/p>\n<p>&nbsp;<\/p>\n<p><strong>Teknisk kontaktperson: <\/strong><\/p>\n<p>S\u00f8ren Peter M\u00f8rch<\/p>\n<p><a href=\"mailto:smor@kadk.dk\">smor@kadk.dk<\/a><\/p>\n<p>+45 41701520<\/p>\n","protected":false},"excerpt":{"rendered":"<p>Kontakt \u00a0 Prim\u00e6r kontaktperson: Christina Stind Rosendahl csr@dskd.dk +45 91333004 &nbsp; Teknisk kontaktperson: S\u00f8ren Peter M\u00f8rch smor@kadk.dk +45 41701520<\/p>\n","protected":false},"author":3,"featured_media":0,"parent":163,"menu_order":0,"comment_status":"closed","ping_status":"closed","template":"","meta":{"footnotes":""},"class_list":["post-729","page","type-page","status-publish","hentry"],"_links":{"self":[{"href":"https:\/\/orcid-dk.dk\/index.php?rest_route=\/wp\/v2\/pages\/729","targetHints":{"allow":["GET"]}}],"collection":[{"href":"https:\/\/orcid-dk.dk\/index.php?rest_route=\/wp\/v2\/pages"}],"about":[{"href":"https:\/\/orcid-dk.dk\/index.php?rest_route=\/wp\/v2\/types\/page"}],"author":[{"embeddable":true,"href":"https:\/\/orcid-dk.dk\/index.php?rest_route=\/wp\/v2\/users\/3"}],"replies":[{"embeddable":true,"href":"https:\/\/orcid-dk.dk\/index.php?rest_route=%2Fwp%2Fv2%2Fcomments&post=729"}],"version-history":[{"count":8,"href":"https:\/\/orcid-dk.dk\/index.php?rest_route=\/wp\/v2\/pages\/729\/revisions"}],"predecessor-version":[{"id":841,"href":"https:\/\/orcid-dk.dk\/index.php?rest_route=\/wp\/v2\/pages\/729\/revisions\/841"}],"up":[{"embeddable":true,"href":"https:\/\/orcid-dk.dk\/index.php?rest_route=\/wp\/v2\/pages\/163"}],"wp:attachment":[{"href":"https:\/\/orcid-dk.dk\/index.php?rest_route=%2Fwp%2Fv2%2Fmedia&parent=729"}],"curies":[{"name":"wp","href":"https:\/\/api.w.org\/{rel}","templated":true}]}}