{"id":304,"date":"2014-08-20T14:45:21","date_gmt":"2014-08-20T13:45:21","guid":{"rendered":"https:\/\/orcid-dk.dk\/?page_id=304"},"modified":"2023-02-14T15:48:57","modified_gmt":"2023-02-14T14:48:57","slug":"danmarks-tekniske-universitet","status":"publish","type":"page","link":"https:\/\/orcid-dk.dk\/?page_id=304&lang=da","title":{"rendered":"Danmarks Tekniske Universitet"},"content":{"rendered":"<h3><strong>Kontakt<\/strong><\/h3>\n<p><strong>\u00a0<\/strong><\/p>\n<p><strong>Prim\u00e6r kontaktperson:<\/strong><\/p>\n<p>Jens Damm Fledelius<\/p>\n<p><a href=\"mailto:jedf@dtu.dk\">jedf@dtu.dk<\/a><\/p>\n<p>+45 4525 2275<\/p>\n<p>&nbsp;<\/p>\n<p><strong>Teknisk kontaktperson: <\/strong><\/p>\n<p>Jeannette Ekstr\u00f8m<\/p>\n<p><a href=\"mailto:jeek@dtu.dk\">jeek@dtu.dk<\/a><\/p>\n<p>+45 4525 7416<\/p>\n<p>&nbsp;<\/p>\n<p>P\u00e5 DTU er ORCID integreret i den centrale persondatabase &#8211; DTUBasen, hvor det er muligt at:<\/p>\n<ul>\n<li>Oprette et ORCID ved at g\u00e5 til din profil i\u00a0<a style=\"color: #666666;\" href=\"https:\/\/www.dtubasen.dtu.dk\/admin\/cr_personaldata.aspx\" target=\"_blank\" rel=\"noopener\">DTUBasen<\/a>\u00a0og redigere dine personlige oplysninger, klikke p\u00e5 ORCID og derefter <em>Opret et nyt ORCID-id. <\/em>F\u00f8lg sk\u00e6rmdialogen, og dit ORCID wil automatisk blive linket til din personlige profil i DTUBasen og til DTU Orbit.<\/li>\n<li>Linke et ORCID til din DTUBasen-profil. Har du allerede et ORCID? S\u00e5 er det ikke et problem, du skal blot linke dit ORCID til DTUBasen-profilen ved at klikke p\u00e5\u00a0<em>Tilknyt et eksisterende ORCID-id.\u00a0<\/em><\/li>\n<\/ul>\n<p>Det tager max. 2 minutter at oprette et ORCID, men det kan fremover spare dig for mange timers arbejde og m\u00e5ske endnu vigtigere, sikre at du modtager kredit for dit arbejde.<\/p>\n<p>&nbsp;<\/p>\n<p>&nbsp;<\/p>\n","protected":false},"excerpt":{"rendered":"<p>Kontakt \u00a0 Prim\u00e6r kontaktperson: Jens Damm Fledelius jedf@dtu.dk +45 4525 2275 &nbsp; Teknisk kontaktperson: Jeannette Ekstr\u00f8m jeek@dtu.dk +45 4525 7416 &nbsp; P\u00e5 DTU er ORCID integreret i den centrale persondatabase &#8211; DTUBasen, hvor det er muligt at: Oprette et ORCID ved at g\u00e5 til din profil i\u00a0DTUBasen\u00a0og redigere dine personlige oplysninger, klikke p\u00e5 ORCID og &hellip; <a href=\"https:\/\/orcid-dk.dk\/?page_id=304&#038;lang=da\" class=\"more-link\">Continue reading<span class=\"screen-reader-text\"> &#8220;Danmarks Tekniske Universitet&#8221;<\/span><\/a><\/p>\n","protected":false},"author":3,"featured_media":0,"parent":0,"menu_order":0,"comment_status":"closed","ping_status":"closed","template":"","meta":{"footnotes":""},"class_list":["post-304","page","type-page","status-publish","hentry"],"_links":{"self":[{"href":"https:\/\/orcid-dk.dk\/index.php?rest_route=\/wp\/v2\/pages\/304","targetHints":{"allow":["GET"]}}],"collection":[{"href":"https:\/\/orcid-dk.dk\/index.php?rest_route=\/wp\/v2\/pages"}],"about":[{"href":"https:\/\/orcid-dk.dk\/index.php?rest_route=\/wp\/v2\/types\/page"}],"author":[{"embeddable":true,"href":"https:\/\/orcid-dk.dk\/index.php?rest_route=\/wp\/v2\/users\/3"}],"replies":[{"embeddable":true,"href":"https:\/\/orcid-dk.dk\/index.php?rest_route=%2Fwp%2Fv2%2Fcomments&post=304"}],"version-history":[{"count":16,"href":"https:\/\/orcid-dk.dk\/index.php?rest_route=\/wp\/v2\/pages\/304\/revisions"}],"predecessor-version":[{"id":937,"href":"https:\/\/orcid-dk.dk\/index.php?rest_route=\/wp\/v2\/pages\/304\/revisions\/937"}],"wp:attachment":[{"href":"https:\/\/orcid-dk.dk\/index.php?rest_route=%2Fwp%2Fv2%2Fmedia&parent=304"}],"curies":[{"name":"wp","href":"https:\/\/api.w.org\/{rel}","templated":true}]}}