{"id":236,"date":"2014-08-12T10:21:00","date_gmt":"2014-08-12T09:21:00","guid":{"rendered":"https:\/\/orcid-dk.dk\/?page_id=236"},"modified":"2023-03-28T12:59:52","modified_gmt":"2023-03-28T11:59:52","slug":"vaerktojskasse","status":"publish","type":"page","link":"https:\/\/orcid-dk.dk\/?page_id=236&lang=da","title":{"rendered":"Ressourcer"},"content":{"rendered":"<p>Her kan du finde &#8220;v\u00e6rkt\u00f8jer&#8221;, der kan anvendes, n\u00e5r din organisation skal promovere ORCID. Du finder skabeloner til plakater, manualer, flyers, e-mails og andre tekster.<\/p>\n<h4>Common Systems for ORCID Integration (ORCID us community)<\/h4>\n<p><span class=\"jCAhz ChMk0b\"><span class=\"ryNqvb\">Listen herunder indeholder oplysninger om ORCID-integrationsstatus for almindeligt anvendte systemer i USA (denne liste er ikke udt\u00f8mmende).<\/span><\/span><\/p>\n<p><a href=\"https:\/\/orcidus.lyrasis.org\/common-systems-for-integration\/\">Common Systems for ORCID Integration<\/a><\/p>\n<h4><strong>F\u00f8r du g\u00e5r i gang med kampagnen<\/strong><\/h4>\n<p><a href=\"https:\/\/orcid-dk.dk\/wp-content\/uploads\/2014\/08\/Interessenter-behov-og-bekymringer.docx\">Interessenter behov og bekymringer<\/a><\/p>\n<h4><strong>Under kampagnen<\/strong><\/h4>\n<p><strong>E-mails til forskere og organisation<\/strong><br \/>\n<a href=\"https:\/\/orcid-dk.dk\/wp-content\/uploads\/2014\/08\/K\u00e6re-forsker.docx\">K\u00e6re forsker<\/a><br \/>\n<a href=\"https:\/\/orcid-dk.dk\/wp-content\/uploads\/2014\/08\/K\u00e6re-organisation.docx\">K\u00e6re organisation<\/a><\/p>\n<p><strong>Instruktionsvideo til Pure<\/strong><\/p>\n<p><iframe loading=\"lazy\" src=\"\/\/www.youtube.com\/embed\/xvggKlskuF0\" width=\"560\" height=\"315\" frameborder=\"0\" allowfullscreen=\"allowfullscreen\"><\/iframe><\/p>\n<p><strong>Pure-manualer<\/strong><br \/>\n<a href=\"https:\/\/orcid-dk.dk\/wp-content\/uploads\/2014\/07\/Pure_Manual_Opret-et-ORCID.docx\">Pure_Manual_Opret et ORCID<\/a><br \/>\n<a href=\"https:\/\/orcid-dk.dk\/wp-content\/uploads\/2014\/07\/Pure_Manual_Rediger-ORCID.docx\">Pure_Manual_Rediger ORCID<\/a><br \/>\n<a href=\"https:\/\/orcid-dk.dk\/wp-content\/uploads\/2014\/07\/Pure_Manual_Tilf\u00f8j-et-eksisterende-ORCID.docx\">Pure_Manual_Tilf\u00f8j et eksisterende ORCID<\/a><\/p>\n<p><strong>Vejledning til at registrere en Pure-installation hos ORCID<br \/>\n<\/strong>For at de personlige brugere skal have mulighed for at oprette sit eget ORCID gennem Pure skal din organisations Pure registreres hos ORCID. Se her hvordan:<br \/>\n<a href=\"https:\/\/orcid-dk.dk\/wp-content\/uploads\/2014\/08\/Registrering-af-din-institutions-Pure-hos-ORCID.docx\">Registrering af din institutions Pure hos ORCID<\/a><\/p>\n<p><strong>Vejledning til konfiguration af ORCID-systeminstillinger\u00a0i Pure<\/strong><br \/>\n<a href=\"https:\/\/orcid-dk.dk\/wp-content\/uploads\/2014\/08\/Konfiguration-af-Pure-til-brug-for-ORCID1.docx\">Konfiguration af Pure til brug for ORCID<\/a><\/p>\n<p><strong>Brugbare links<\/strong><\/p>\n<p>Hvordan du kan g\u00f8re, hvis du har dublerede ORCIDs: <a href=\"https:\/\/orcid.org\/blog\/2014\/01\/09\/managing-duplicate-iDs\">https:\/\/orcid.org\/blog\/2014\/01\/09\/managing-duplicate-iDs<\/a><\/p>\n<p><strong>Plakatskabeloner<\/strong><br \/>\nHvis\u00a0der er\u00a0behov for at trykke plakater\u00a0kan du\u00a0henvende\u00a0dig til <a href=\"mailto:orcid@aub.aau.dk\">orcid@aub.aau.dk<\/a>,\u00a0der vil\u00a0v\u00e6re behj\u00e6lpelige med filer i h\u00f8jere opl\u00f8sning.<\/p>\n<p><img loading=\"lazy\" decoding=\"async\" class=\"alignnone wp-image-491 size-full\" src=\"https:\/\/orcid-dk.dk\/wp-content\/uploads\/2014\/09\/Navnesammenfald-2-dk.png\" alt=\"Navnesammenfald-2-dk\" width=\"300\" height=\"424\" srcset=\"https:\/\/orcid-dk.dk\/wp-content\/uploads\/2014\/09\/Navnesammenfald-2-dk.png 300w, https:\/\/orcid-dk.dk\/wp-content\/uploads\/2014\/09\/Navnesammenfald-2-dk-212x300.png 212w\" sizes=\"auto, (max-width: 300px) 85vw, 300px\" \/>\u00a0<img loading=\"lazy\" decoding=\"async\" class=\"alignnone wp-image-492 size-full\" src=\"https:\/\/orcid-dk.dk\/wp-content\/uploads\/2014\/09\/Navnesammenfald-2-en.png\" alt=\"Navnesammenfald-2-en\" width=\"300\" height=\"424\" srcset=\"https:\/\/orcid-dk.dk\/wp-content\/uploads\/2014\/09\/Navnesammenfald-2-en.png 300w, https:\/\/orcid-dk.dk\/wp-content\/uploads\/2014\/09\/Navnesammenfald-2-en-212x300.png 212w\" sizes=\"auto, (max-width: 300px) 85vw, 300px\" \/><\/p>\n<p><img loading=\"lazy\" decoding=\"async\" class=\"alignnone wp-image-493 size-full\" src=\"https:\/\/orcid-dk.dk\/wp-content\/uploads\/2014\/09\/Reference-1-dk.png\" alt=\"Reference-1-dk\" width=\"300\" height=\"424\" srcset=\"https:\/\/orcid-dk.dk\/wp-content\/uploads\/2014\/09\/Reference-1-dk.png 300w, https:\/\/orcid-dk.dk\/wp-content\/uploads\/2014\/09\/Reference-1-dk-212x300.png 212w\" sizes=\"auto, (max-width: 300px) 85vw, 300px\" \/>\u00a0<img loading=\"lazy\" decoding=\"async\" class=\"alignnone wp-image-484 size-full\" src=\"https:\/\/orcid-dk.dk\/wp-content\/uploads\/2014\/09\/Reference-1-en.png\" alt=\"Reference-1-en\" width=\"300\" height=\"424\" srcset=\"https:\/\/orcid-dk.dk\/wp-content\/uploads\/2014\/09\/Reference-1-en.png 300w, https:\/\/orcid-dk.dk\/wp-content\/uploads\/2014\/09\/Reference-1-en-212x300.png 212w\" sizes=\"auto, (max-width: 300px) 85vw, 300px\" \/><\/p>\n<p><img loading=\"lazy\" decoding=\"async\" class=\"alignnone wp-image-485 size-full\" src=\"https:\/\/orcid-dk.dk\/wp-content\/uploads\/2014\/09\/Reference-2-dk.png\" alt=\"Reference-2-dk\" width=\"300\" height=\"424\" srcset=\"https:\/\/orcid-dk.dk\/wp-content\/uploads\/2014\/09\/Reference-2-dk.png 300w, https:\/\/orcid-dk.dk\/wp-content\/uploads\/2014\/09\/Reference-2-dk-212x300.png 212w\" sizes=\"auto, (max-width: 300px) 85vw, 300px\" \/>\u00a0<img loading=\"lazy\" decoding=\"async\" class=\"alignnone wp-image-486 size-full\" src=\"https:\/\/orcid-dk.dk\/wp-content\/uploads\/2014\/09\/Reference-2-en.png\" alt=\"Reference-2-en\" width=\"300\" height=\"424\" srcset=\"https:\/\/orcid-dk.dk\/wp-content\/uploads\/2014\/09\/Reference-2-en.png 300w, https:\/\/orcid-dk.dk\/wp-content\/uploads\/2014\/09\/Reference-2-en-212x300.png 212w\" sizes=\"auto, (max-width: 300px) 85vw, 300px\" \/><\/p>\n<p><img loading=\"lazy\" decoding=\"async\" class=\"alignnone wp-image-489 size-full\" src=\"https:\/\/orcid-dk.dk\/wp-content\/uploads\/2014\/09\/Navnesammenfald-1-dk.png\" alt=\"Navnesammenfald-1-dk\" width=\"300\" height=\"424\" srcset=\"https:\/\/orcid-dk.dk\/wp-content\/uploads\/2014\/09\/Navnesammenfald-1-dk.png 300w, https:\/\/orcid-dk.dk\/wp-content\/uploads\/2014\/09\/Navnesammenfald-1-dk-212x300.png 212w\" sizes=\"auto, (max-width: 300px) 85vw, 300px\" \/> <img loading=\"lazy\" decoding=\"async\" class=\"alignnone wp-image-490 size-full\" src=\"https:\/\/orcid-dk.dk\/wp-content\/uploads\/2014\/09\/Navnesammenfald-1-en.png\" alt=\"Navnesammenfald-1-en\" width=\"300\" height=\"424\" srcset=\"https:\/\/orcid-dk.dk\/wp-content\/uploads\/2014\/09\/Navnesammenfald-1-en.png 300w, https:\/\/orcid-dk.dk\/wp-content\/uploads\/2014\/09\/Navnesammenfald-1-en-212x300.png 212w\" sizes=\"auto, (max-width: 300px) 85vw, 300px\" \/><\/p>\n<p><img loading=\"lazy\" decoding=\"async\" class=\"alignnone wp-image-487 size-full\" src=\"https:\/\/orcid-dk.dk\/wp-content\/uploads\/2014\/09\/Bryllupsfoto-dk.png\" alt=\"Bryllupsfoto-dk\" width=\"300\" height=\"424\" srcset=\"https:\/\/orcid-dk.dk\/wp-content\/uploads\/2014\/09\/Bryllupsfoto-dk.png 300w, https:\/\/orcid-dk.dk\/wp-content\/uploads\/2014\/09\/Bryllupsfoto-dk-212x300.png 212w\" sizes=\"auto, (max-width: 300px) 85vw, 300px\" \/>\u00a0<img loading=\"lazy\" decoding=\"async\" class=\"alignnone wp-image-488 size-full\" src=\"https:\/\/orcid-dk.dk\/wp-content\/uploads\/2014\/09\/Bryllupsfoto-en.png\" alt=\"Bryllupsfoto-en\" width=\"300\" height=\"424\" srcset=\"https:\/\/orcid-dk.dk\/wp-content\/uploads\/2014\/09\/Bryllupsfoto-en.png 300w, https:\/\/orcid-dk.dk\/wp-content\/uploads\/2014\/09\/Bryllupsfoto-en-212x300.png 212w\" sizes=\"auto, (max-width: 300px) 85vw, 300px\" \/><\/p>\n<p><strong>Flyer-skabeloner p\u00e5 ORCID-hjemmesiden p\u00e5 dansk og engelsk<\/strong>:<br \/>\n<a href=\"https:\/\/orcid.org\/content\/orcid-ambassadors-1\/outreachresources\">Til forskere<\/a><br \/>\n<a href=\"https:\/\/orcid.org\/organizations\/institutions\/outreachresources\">Til universiteter og andre forskningsinstitutioner<\/a><\/p>\n<p><strong>Artikel til lokale nyhedsmedier og online site:<\/strong><br \/>\n<a href=\"https:\/\/orcid-dk.dk\/wp-content\/uploads\/2014\/08\/Artikel-til-lokale-nyhedsmedier-og-onlinesites_da.docx\">Artikel til lokale nyheder (da)<\/a><br \/>\n<a href=\"https:\/\/orcid-dk.dk\/wp-content\/uploads\/2014\/08\/Artikel-til-lokale-nyhedsmedier-og-onlinesites_eng.docx\">Article for local news (eng)<\/a><\/p>\n<p><strong>PowerPoint til roadshows:<br \/>\n<\/strong><a href=\"https:\/\/orcid-dk.dk\/wp-content\/uploads\/2014\/08\/DKversionslides-orcidoverview20140116-140117152804-phpapp02.pptx\">ORCID Overblik DK (PowerPoint)<\/a><br \/>\n<a href=\"https:\/\/orcid-dk.dk\/wp-content\/uploads\/2014\/08\/UKversionslides-orcidoverview20140116-140117152804-phpapp021.pptx\">ORCID Overview ENG (PowerPoint)<\/a><\/p>\n","protected":false},"excerpt":{"rendered":"<p>Her kan du finde &#8220;v\u00e6rkt\u00f8jer&#8221;, der kan anvendes, n\u00e5r din organisation skal promovere ORCID. Du finder skabeloner til plakater, manualer, flyers, e-mails og andre tekster. Common Systems for ORCID Integration (ORCID us community) Listen herunder indeholder oplysninger om ORCID-integrationsstatus for almindeligt anvendte systemer i USA (denne liste er ikke udt\u00f8mmende). Common Systems for ORCID Integration &hellip; <a href=\"https:\/\/orcid-dk.dk\/?page_id=236&#038;lang=da\" class=\"more-link\">Continue reading<span class=\"screen-reader-text\"> &#8220;Ressourcer&#8221;<\/span><\/a><\/p>\n","protected":false},"author":5,"featured_media":0,"parent":0,"menu_order":0,"comment_status":"closed","ping_status":"closed","template":"","meta":{"footnotes":""},"class_list":["post-236","page","type-page","status-publish","hentry"],"_links":{"self":[{"href":"https:\/\/orcid-dk.dk\/index.php?rest_route=\/wp\/v2\/pages\/236","targetHints":{"allow":["GET"]}}],"collection":[{"href":"https:\/\/orcid-dk.dk\/index.php?rest_route=\/wp\/v2\/pages"}],"about":[{"href":"https:\/\/orcid-dk.dk\/index.php?rest_route=\/wp\/v2\/types\/page"}],"author":[{"embeddable":true,"href":"https:\/\/orcid-dk.dk\/index.php?rest_route=\/wp\/v2\/users\/5"}],"replies":[{"embeddable":true,"href":"https:\/\/orcid-dk.dk\/index.php?rest_route=%2Fwp%2Fv2%2Fcomments&post=236"}],"version-history":[{"count":38,"href":"https:\/\/orcid-dk.dk\/index.php?rest_route=\/wp\/v2\/pages\/236\/revisions"}],"predecessor-version":[{"id":992,"href":"https:\/\/orcid-dk.dk\/index.php?rest_route=\/wp\/v2\/pages\/236\/revisions\/992"}],"wp:attachment":[{"href":"https:\/\/orcid-dk.dk\/index.php?rest_route=%2Fwp%2Fv2%2Fmedia&parent=236"}],"curies":[{"name":"wp","href":"https:\/\/api.w.org\/{rel}","templated":true}]}}