{"id":206,"date":"2014-08-11T11:02:53","date_gmt":"2014-08-11T10:02:53","guid":{"rendered":"https:\/\/orcid-dk.dk\/?page_id=206"},"modified":"2023-02-14T15:44:36","modified_gmt":"2023-02-14T14:44:36","slug":"fa-et-orcid-id","status":"publish","type":"page","link":"https:\/\/orcid-dk.dk\/?page_id=206&lang=da","title":{"rendered":"F\u00e5 et ORCID forsker ID"},"content":{"rendered":"<p>Det er nemt at f\u00e5 et ORCID forsker\u00a0ID. Det kr\u00e6ver nogle f\u00e5 klik, s\u00e5 f\u00e5r du et forsker\u00a0ID der g\u00e6lder igennem hele din karriere.<\/p>\n<p>Se en video, om hvordan du opretter dit ORCID og knytter det til din Pure-profil:<\/p>\n<p><iframe loading=\"lazy\" src=\"\/\/www.youtube.com\/embed\/xvggKlskuF0\" width=\"560\" height=\"315\" frameborder=\"0\" allowfullscreen=\"allowfullscreen\"><\/iframe><\/p>\n<p>F\u00f8lgende manualer kan ogs\u00e5 hj\u00e6lpe dig, hvis du vil oprette et ORCID, tilf\u00f8je et eksisterende ORCID eller \u00e6ndret din ORCID-registrering i Pure:<\/p>\n<p><a href=\"https:\/\/orcid-dk.dk\/wp-content\/uploads\/2014\/07\/Pure_Manual_Opret-et-ORCID.docx\">Pure_Manual_Opret et ORCID<\/a><br \/>\n<a href=\"https:\/\/orcid-dk.dk\/wp-content\/uploads\/2014\/07\/Pure_Manual_Tilf\u00f8j-et-eksisterende-ORCID.docx\">Pure_Manual_Tilf\u00f8j et eksisterende ORCID<\/a><br \/>\n<a href=\"https:\/\/orcid-dk.dk\/wp-content\/uploads\/2014\/07\/Pure_Manual_Rediger-ORCID.docx\">Pure_Manual_Rediger ORCID<\/a><\/p>\n","protected":false},"excerpt":{"rendered":"<p>Det er nemt at f\u00e5 et ORCID forsker\u00a0ID. Det kr\u00e6ver nogle f\u00e5 klik, s\u00e5 f\u00e5r du et forsker\u00a0ID der g\u00e6lder igennem hele din karriere. Se en video, om hvordan du opretter dit ORCID og knytter det til din Pure-profil: F\u00f8lgende manualer kan ogs\u00e5 hj\u00e6lpe dig, hvis du vil oprette et ORCID, tilf\u00f8je et eksisterende ORCID &hellip; <a href=\"https:\/\/orcid-dk.dk\/?page_id=206&#038;lang=da\" class=\"more-link\">Continue reading<span class=\"screen-reader-text\"> &#8220;F\u00e5 et ORCID forsker ID&#8221;<\/span><\/a><\/p>\n","protected":false},"author":5,"featured_media":0,"parent":0,"menu_order":0,"comment_status":"closed","ping_status":"closed","template":"","meta":{"footnotes":""},"class_list":["post-206","page","type-page","status-publish","hentry"],"_links":{"self":[{"href":"https:\/\/orcid-dk.dk\/index.php?rest_route=\/wp\/v2\/pages\/206","targetHints":{"allow":["GET"]}}],"collection":[{"href":"https:\/\/orcid-dk.dk\/index.php?rest_route=\/wp\/v2\/pages"}],"about":[{"href":"https:\/\/orcid-dk.dk\/index.php?rest_route=\/wp\/v2\/types\/page"}],"author":[{"embeddable":true,"href":"https:\/\/orcid-dk.dk\/index.php?rest_route=\/wp\/v2\/users\/5"}],"replies":[{"embeddable":true,"href":"https:\/\/orcid-dk.dk\/index.php?rest_route=%2Fwp%2Fv2%2Fcomments&post=206"}],"version-history":[{"count":6,"href":"https:\/\/orcid-dk.dk\/index.php?rest_route=\/wp\/v2\/pages\/206\/revisions"}],"predecessor-version":[{"id":351,"href":"https:\/\/orcid-dk.dk\/index.php?rest_route=\/wp\/v2\/pages\/206\/revisions\/351"}],"wp:attachment":[{"href":"https:\/\/orcid-dk.dk\/index.php?rest_route=%2Fwp%2Fv2%2Fmedia&parent=206"}],"curies":[{"name":"wp","href":"https:\/\/api.w.org\/{rel}","templated":true}]}}