{"id":199,"date":"2014-08-11T10:31:42","date_gmt":"2014-08-11T09:31:42","guid":{"rendered":"https:\/\/orcid-dk.dk\/?page_id=199"},"modified":"2023-02-14T15:48:00","modified_gmt":"2023-02-14T14:48:00","slug":"nar-du-publicerer","status":"publish","type":"page","link":"https:\/\/orcid-dk.dk\/?page_id=199&lang=da","title":{"rendered":"N\u00e5r du publicerer"},"content":{"rendered":"<p>Hvis din forskning skal v\u00e6re synlig, og skille sig ud fra m\u00e6ngden, skal du som forfatter ogs\u00e5 skille dig ud!<\/p>\n<p>I forlagsbranchen l\u00f8ber man dagligt ind i sager vedr\u00f8rende forfatterskab og ophavsret. Hvem skal st\u00e5 som forfatter? Hvordan sikrer man passende anerkendelse af forfattere? Hvordan skelner man mellem forfatteransvar<\/p>\n<p>Hertil knytter\u00a0sig ogs\u00e5 en interessekonflikt vedr\u00f8rende indberetning: hvem skal indberette hvad, og i hvilken sammenh\u00e6ng? For eksempel er vedligeholdelse af forfatterdatabaser et tilbagevendende problem for forlagene,\u00a0fordi der for\u00a0mange tidsskrifters vedkommende er tale om dublerede poster, der kr\u00e6ve l\u00f8bende opdatering og pr\u00e6cisering. Der er et behov for n\u00f8jagtige forfatterdatabaser, s\u00e5 man kan f\u00e5 overblik over en forfatters historie, for at kunne udf\u00f8re pr\u00e6cise navnes\u00f8gninger, og for at kunne fremfinde og styre anmeldere.<\/p>\n<h2>Metadata er upr\u00e6cise<\/h2>\n<p>Et andet problem er bearbejdning af metadata i referencedelen af de godkendte publikationer; pga. manglende forfatteridentifikatorer kr\u00e6ver disse metadata manuel pr\u00e6cisering af hvilke forfattere der h\u00f8rer til hvilke artikler. ORCID tilbyder et centralt register over forskere p\u00e5 tv\u00e6rs af fagomr\u00e5der, arbejdspladser, sektorer og nationale gr\u00e6nser. Netop fordi ORCID underst\u00f8tter linkning p\u00e5 tv\u00e6rs af flere forskellige dataset, kan et s\u00e5dant register fungere som omstillingsbord for s\u00e5vel forskere som forl\u00e6gger, n\u00e5r det handler om at f\u00f8lge og styre udbredelsen af forskningsresultater.<\/p>\n","protected":false},"excerpt":{"rendered":"<p>Hvis din forskning skal v\u00e6re synlig, og skille sig ud fra m\u00e6ngden, skal du som forfatter ogs\u00e5 skille dig ud! I forlagsbranchen l\u00f8ber man dagligt ind i sager vedr\u00f8rende forfatterskab og ophavsret. Hvem skal st\u00e5 som forfatter? Hvordan sikrer man passende anerkendelse af forfattere? Hvordan skelner man mellem forfatteransvar Hertil knytter\u00a0sig ogs\u00e5 en interessekonflikt vedr\u00f8rende &hellip; <a href=\"https:\/\/orcid-dk.dk\/?page_id=199&#038;lang=da\" class=\"more-link\">Continue reading<span class=\"screen-reader-text\"> &#8220;N\u00e5r du publicerer&#8221;<\/span><\/a><\/p>\n","protected":false},"author":5,"featured_media":0,"parent":0,"menu_order":0,"comment_status":"closed","ping_status":"closed","template":"","meta":{"footnotes":""},"class_list":["post-199","page","type-page","status-publish","hentry"],"_links":{"self":[{"href":"https:\/\/orcid-dk.dk\/index.php?rest_route=\/wp\/v2\/pages\/199","targetHints":{"allow":["GET"]}}],"collection":[{"href":"https:\/\/orcid-dk.dk\/index.php?rest_route=\/wp\/v2\/pages"}],"about":[{"href":"https:\/\/orcid-dk.dk\/index.php?rest_route=\/wp\/v2\/types\/page"}],"author":[{"embeddable":true,"href":"https:\/\/orcid-dk.dk\/index.php?rest_route=\/wp\/v2\/users\/5"}],"replies":[{"embeddable":true,"href":"https:\/\/orcid-dk.dk\/index.php?rest_route=%2Fwp%2Fv2%2Fcomments&post=199"}],"version-history":[{"count":7,"href":"https:\/\/orcid-dk.dk\/index.php?rest_route=\/wp\/v2\/pages\/199\/revisions"}],"predecessor-version":[{"id":399,"href":"https:\/\/orcid-dk.dk\/index.php?rest_route=\/wp\/v2\/pages\/199\/revisions\/399"}],"wp:attachment":[{"href":"https:\/\/orcid-dk.dk\/index.php?rest_route=%2Fwp%2Fv2%2Fmedia&parent=199"}],"curies":[{"name":"wp","href":"https:\/\/api.w.org\/{rel}","templated":true}]}}